**5/60 - r**4/6 - 4*r**3/3 - 23*r**2. Calculate x(6).
4
Suppose -v - 2*q = -14, -4*v + 5*q - 4 = 5. Let z(g) = 2 - 5 + v + 3*g + 2*g**2. Give z(-2).
3
Let o(s) = -4*s - 1. Let t(h) = 11*h + 3. Let y(j) = -8*o(j) - 3*t(j). Suppose 0 = -n + 3*r, 4*r = -3*n + 3*r + 20. Give y(n).
-7
Let q be (((-9)/2)/(-1))/(5/10). Let m(a) = -a**3 + 10*a**2 - 9*a + 8. What is m(q)?
8
Let m(f) = -7*f**3 - 5*f**2 + 5*f - 4. Let t(g) = -6*g**3 - 4*g**2 + 4*g - 3. Let v(h) = -4*m(h) + 5*t(h). Give v(-1).
3
Let o(v) = 14*v**3 + 9*v**2 - 17*v - 1. Let q(g) = 5*g**3 + 3*g**2 - 6*g. Let a(m) = -4*o(m) + 11*q(m). Give a(-3).
-2
Let c(g) = -g + 6*g + 3 + 0*g. Suppose 4*f - 4*i + 7 = -3*i, 5*f + 12 = -2*i. Calculate c(f).
-7
Let x(i) = -5*i**3 + 7*i**2 + 11*i + 2. Let n(p) = 2*p**3 - 2*p**2 - 4*p - 1. Let w(f) = -8*n(f) - 3*x(f). Calculate w(-4).
-10
Let y(h) = h**2 - 8*h - 2. Suppose -5*f = f - 42. Calculate y(f).
-9
Let y = -2 - -5. Let c(d) be the third derivative of -d**6/120 + d**5/30 + d**4/6 - d**3/6 + 4*d**2. Calculate c(y).
2
Let t(o) = -1 - 1 - 2*o + o. Suppose -16 = 5*b - 1. Let v = 0 - b. Give t(v).
-5
Let q(y) = 2*y + 5. Let d(p) = 3*p - 15. Let u be d(3). Calculate q(u).
-7
Let k(o) = -3*o + 1. Suppose m = j, 8 = 2*j - 4*j + 4*m. Let a(q) = q**2 - 5*q - 8. Let s be a(8). Let n be 4/s - (-3)/j. Calculate k(n).
-2
Let y(m) = -2*m**2 + 5*m + 10. Let t(f) = -5 + 1 + 5. Let q(j) = 6*t(j) - y(j). Calculate q(4).
8
Let k(h) = -8*h**2 - h + 7. Let u(j) = 7*j**2 + j - 6. Let o(x) = 6*k(x) + 7*u(x). Give o(-3).
6
Let f be 0 - (2*-6)/3. Let q = -6 + 11. Suppose -2*v - q*b = 2*v - 14, f*v = -2*b + 8. Let j(s) = -s**3 + 2*s**2 - 1. Give j(v).
0
Let n(d) = -5*d - 19. Let l(b) = 2*b + 6 - 4 + 4. Let r(m) = 7*l(m) + 2*n(m). Let q be 3 - (2 + (7 - 3)). What is r(q)?
-8
Let w(h) = -h + 1. Let i(f) = -2*f**2 - 5*f**2 - 3 - 7 + 6*f**2 - 10*f. Let d be i(-8). Determine w(d).
-5
Let l be (-18)/(-8) + 2/(-8). Let j(f) be the third derivative of -f**6/120 + f**3/3 + 2*f**2. What is j(l)?
-6
Let g(w) = -26*w**2 + 6*w + 4*w**2 + 10*w**2 - 5 + 13*w**2. What is g(-7)?
2
Suppose -4*q = 4*m + 15 + 9, 2*q = 4*m. Let v(y) = -y**2 - 7*y + 3. Let p(g) = -g + 1. Let z(o) = -3*p(o) + v(o). Determine z(q).
0
Let r(c) = 2*c - 2. Suppose -y - 2*i = -6, 2*y + 3*i - 2 = i. What is r(y)?
-10
Let h(m) be the second derivative of -m**3/6 - 15*m**2/2 + 53*m. Give h(-13).
-2
Let d(v) = 2*v - 23. Let m be d(10). Let o(f) be the third derivative of -f**6/120 - f**5/15 - f**3/6 + 2*f**2. What is o(m)?
-10
Let h be (6/4)/((-6)/(-8)). Let d(f) be the third derivative of -5*f**2 + 1/6*f**3 + 0*f**4 - 1/30*f**5 + 0*f + 0. Calculate d(h).
-7
Let i(p) = p**3 - p**2 + 3*p - 3. Let m(b) = 2*b. Let r be m(4). Let c be r/10*(-5)/(-2). Calculate i(c).
7
Let v(j) = -j**2 - 10*j - 8. Let z be v(-8). Let o(q) = 5*q - 4 - z*q + q. Let u = -18 + 13. Give o(u).
6
Suppose -4*v = 3 + 1. Let p be (1 + v)/(0 + 1). Let z(d) = -5 - d**2 + 1 + p - 3*d. What is z(-3)?
-4
Let s(o) = -5 - o + 0 + 3 - o**2. What is s(-3)?
-8
Let w(t) = -t**3 - 15*t**2 + 17*t + 20. Let n be w(-16). Let u(i) = -i**2 + 4*i + 3. Give u(n).
3
Let g(v) be the third derivative of v**6/120 + v**5/30 - v**4/6 - v**3/3 - 12*v**2. Calculate g(-3).
1
Let q(l) be the first derivative of -l**3/3 - 6*l**2 - 12*l - 22. Give q(-10).
8
Let d(o) be the first derivative of -o**2/2 - 1. Let f(p) = 7*p + 1. Let w(a) = -2*d(a) + f(a). What is w(-1)?
-8
Let y(v) = -2*v - 3. Let h(r) = r + 1. Let z(d) = 17*h(d) + 6*y(d). Let x(j) = 0 - 3 + j**2 + 8 - 5*j. Let t be x(4). Calculate z(t).
4
Suppose 5 = 2*l + 3*x + 1, -2*l = 4*x - 2. Let m(h) = -h**3 + 5*h**2 + 2*h - 2. Give m(l).
8
Let h(b) = -4*b**2 - b. Let o be (-3)/9 - (-4)/(-6). Let i = o + 3. Suppose 0 = -3*f - i*m - 1, 6 = 4*f - 2*m - 2. Calculate h(f).
-5
Let f(i) be the third derivative of i**5/60 - i**4/12 + 47*i**2. Give f(2).
0
Let m(p) = 5*p**2 + 3*p - 2. Let h = 15 + -13. What is m(h)?
24
Let m = 0 + 9. Suppose -25 = -m*j + 4*j. Let v(r) = -r**2 + 5*r. What is v(j)?
0
Let j(d) = 5*d**3 - 4*d**3 + 0*d**2 + 5*d**2 - 1 + 0. Give j(-5).
-1
Let a(t) be the third derivative of t**3 - 1/20*t**5 - 3*t**2 + 0*t + 0 - 1/120*t**6 + 1/8*t**4. Determine a(-4).
10
Let y(b) = -29*b - 1 + 30*b - 4. Determine y(4).
-1
Suppose 0 = 3*w + 7 - 16. Let m(h) = 7*h**2 + 33 - 4*h**3 + 4*h + 5*h**w - 40. Determine m(-6).
5
Let h(n) be the second derivative of n**3/3 + 3*n**2/2 + n. Suppose 10 = -f + 3*f. Suppose f*j = 20, -4*j - 24 = 5*q - 5*j. Determine h(q).
-5
Suppose 2 + 1 = k. Let r(d) be the first derivative of d**3/3 - d**2 - 4*d + 180. Determine r(k).
-1
Let h(y) = 3*y**3 - 8*y**2 - 4*y - 3. Let l(g) = g**3 - 3*g**2 - g - 1. Let b(v) = 2*h(v) - 7*l(v). Determine b(3).
16
Suppose q - 6*q = -5. Let g(i) be the second derivative of 0*i**2 + i + 0 - 5/12*i**4 - 1/6*i**3. Determine g(q).
-6
Let d(t) be the third derivative of t**4/4 + t**3/6 + 3*t**2. Let k be d(-1). Let l(f) = f**2 + 3*f + 1. Determine l(k).
11
Let h(t) be the second derivative of -1/6*t**4 - 1/6*t**3 + 0 + 3*t + t**2. Give h(-2).
-4
Let i(n) = -n - 8. Let r be i(-10). Let w(b) be the first derivative of b**2/2 + b - 2. Calculate w(r).
3
Let m(n) = -n**2 + 10*n - 20. Let y be m(9). Let d(h) = -2*h - 10. Give d(y).
12
Suppose j + 16 = -4*f, 0*j - 5*j + 2*f = 14. Let z(b) = b**2 + 2*b + 3. What is z(j)?
11
Let k(w) = -6*w**3 + w**2 - 1. Suppose 4 = -n + 2. Let p be (-3)/(-1) + 1*n. What is k(p)?
-6
Let z(g) = 2*g. Let u be (5/3)/((-5)/(-15)). Suppose 0 = u*c + 25, -5*b = -2*b + c - 10. Suppose -3*l = -2 + b. Calculate z(l).
-2
Let n(r) = 6*r**3 - 13*r**2 - 5*r + 5. Let i(m) = 5*m**3 - 12*m**2 - 6*m + 5. Let h(j) = 5*i(j) - 4*n(j). Determine h(9).
-4
Let w(l) = l**2 - l. Let v be (0 - (0 - 3)) + -2. Let t(i) = -8*i**2 + i + 1. Let s(n) = v*t(n) + w(n). Give s(1).
-6
Let d(f) be the second derivative of -f**4/12 + 3*f**3/2 + 7*f**2/2 + 16*f. What is d(7)?
21
Let l(n) be the second derivative of -n**3/6 - 7*n. Calculate l(1).
-1
Suppose 7*b - 3*b + 14 = 5*y, 0 = 3*y - 4*b - 10. Let c(u) = -7*u**2 + 6*u**y + 8*u**2 + 0*u + 1 - u. Calculate c(1).
7
Let s(g) = -6*g - 3. Let n(c) = c**3 - 4*c**2 + 2*c + 2. Let h be n(2). Let x(q) = -19*q - 9. Let d(r) = h*x(r) + 7*s(r). What is d(-3)?
9
Let c(k) = -3*k + 3. Let d be 51/4 - 6/(-24). Suppose -6*x = -x + m - d, -5 = -x + m. Calculate c(x).
-6
Let g(o) = -4*o**3 + 2*o**2 - 3*o + 10. Let t(m) = 11*m**3 - 5*m**2 + 8*m - 29. Let h(j) = 8*g(j) + 3*t(j). Suppose 0 = -4*r - r. Determine h(r).
-7
Suppose 8*k - 3*k = n - 9, 5*n - 2*k + 1 = 0. Let a(x) = x**3 - 6*x**2 - 9*x + 10. Let h be a(7). Let c be n/1*h*1. Let i(l) = l**2 - 7*l + 6. Calculate i(c).
-6
Let z(t) = 4*t**3 - 2 - 4*t + 3*t**2 - 3*t**3 + 0*t**3. Let x be z(-4). Let m(q) = -4 + 3 - 1 - 3*q. Determine m(x).
4
Let c(p) = -2*p**3 + 2*p**2 - p. Let g = 59 + -58. Determine c(g).
-1
Let q(p) = -3*p**3 - 3*p**2 + 5*p + 2. Let a(c) = 5*c**3 + 7*c**2 - 11*c - 5. Let h(s) = 3*a(s) + 7*q(s). Determine h(1).
-5
Let k(v) be the second derivative of -1/20*v**5 + 0*v**3 + 0 - 5/2*v**2 - 3*v + 1/2*v**4. Calculate k(6).
-5
Let b(c) = 122*c + c**2 - 62*c + 2 - 47*c. What is b(-13)?
2
Let l(q) = 63*q + 1 + q**3 - 121*q + 6*q**2 + 56*q. Determine l(-6).
13
Let k be (-3)/((-1)/2*-3). Let q = k - -7. Suppose 3*w + 10 = -q. Let r(d) = -d - 11. Determine r(w).
-6
Let w(r) = 4 - 3 - 2 + 3*r. Let s(l) = -l - 1. Let u(c) = 4*s(c) + w(c). Give u(-5).
0
Let l(q) be the first derivative of -6*q**2 - q + 15. Determine l(1).
-13
Suppose -3*m - 17 = -2. Let v be 0/(3 - (-2 - -3)). Let q(t) = v - 1 + 6*t - 4*t**2 - t**3 + 2. Give q(m).
-4
Let f(q) = q**3 - 4*q**2 - 3*q. Let c be f(5). Suppose c + 9 = 2*a + 3*p, 2*a = -4*p + 24. Let x(o) = -5*o - 2. Calculate x(a).
-12
Let w(o) = 4*o - 1. Let b(s) = -s**2 + 6*s - 4. Let r = 7 + -2. Let v be b(r). What is w(v)?
3
Let i(g) = g**2 + 2*g - 1. Let t(d) = -2*d**2 + 4*d - 3. Let h = -10 + 12. Let m be t(h). Give i(m).
2
Let l(v) = 4*v + 4 - 4*v + 6*v + v**2. Suppose -2*s = -4*w + 16, -3*s + 2*w + 6 = 26. Determine l(s).
4
Let y(c) = c**3 - 4*c**2 + c - 2. Let h(k) = 2*k**2 - 13*k - 3. Let m be h(7). Give y(m).
2
Let t(k) = -k**3 - 5*k**2 - 5*k. Suppose -2*v + 0*v - 8 = 0. What is t(v)?
4
Let o = -9 - -18. Let z be 2/(-9) - (-20)/o. Let v(r) = z - 5*r + 4*r + 2. 